252 a multiple of 1606?
False
Is 72 a factor of 5615928?
True
Does 28 divide 100511693?
False
Does 197 divide 715071388?
True
Is 1924965924 a multiple of 3939?
False
Is 5 a factor of 279235?
True
Does 214 divide 198717618?
True
Does 1649 divide 89863353?
False
Does 284 divide 411197704?
False
Is 38 a factor of 679680550?
False
Is 2221945002 a multiple of 39?
False
Is 77 a factor of 460542544?
True
Is 4944940 a multiple of 1690?
True
Does 12 divide 10062271?
False
Is 152343849 a multiple of 952?
False
Is 476670365 a multiple of 4632?
False
Is 31 a factor of 2621152066?
False
Is 380 a factor of 514043630?
False
Is 699 a factor of 11252178?
False
Is 13 a factor of 16431779?
True
Is 2493848554 a multiple of 13?
False
Is 1116 a factor of 199865556?
True
Does 463 divide 47213468?
False
Does 1976 divide 64631082?
False
Is 37 a factor of 55334314?
True
Does 81 divide 397908011?
False
Does 1954 divide 160321792?
True
Does 294 divide 183172878?
True
Does 1125 divide 32294495?
False
Is 4622557089 a multiple of 2617?
False
Is 107086384 a multiple of 90?
False
Does 197 divide 145713095?
False
Is 147 a factor of 115652103?
True
Is 30508520 a multiple of 88?
False
Is 132 a factor of 7768068?
True
Is 11636755 a multiple of 65?
True
Is 1285 a factor of 207618735?
True
Does 586 divide 27478126?
True
Does 4 divide 4848570?
False
Does 37 divide 29600000?
True
Does 11 divide 304139127?
False
Is 357 a factor of 12572761?
False
Is 22 a factor of 55786710?
False
Is 123798884 a multiple of 22?
True
Does 350 divide 3160267899?
False
Is 12 a factor of 415140192?
True
Does 16 divide 7551440?
True
Is 265588 a multiple of 39?
False
Does 2533 divide 3472183957?
False
Does 1235 divide 481357979?
False
Is 9 a factor of 524640807?
True
Is 1351370820 a multiple of 114?
True
Is 30 a factor of 6373470?
True
Is 99 a factor of 25970345?
False
Is 9037453 a multiple of 528?
False
Does 103 divide 29241857?
False
Is 97 a factor of 446383083?
False
Is 437 a factor of 80232363?
False
Is 54 a factor of 30789265?
False
Is 4 a factor of 651337608?
True
Is 14 a factor of 64042101?
False
Is 16 a factor of 1996849776?
True
Does 15 divide 186193651?
False
Is 6394 a factor of 335595484?
True
Does 10 divide 9689620?
True
Does 21 divide 1265806560?
False
Is 115924853 a multiple of 108?
False
Does 191 divide 871139731?
True
Is 199 a factor of 672728455?
True
Is 81 a factor of 982270719?
True
Is 5205815743 a multiple of 17?
False
Is 24956330 a multiple of 35?
True
Does 646 divide 110838646?
False
Is 116 a factor of 2090364196?
True
Does 62 divide 7990622?
True
Is 311 a factor of 490102600?
False
Is 25 a factor of 1167575?
True
Is 67 a factor of 302756579?
False
Does 740 divide 421923580?
True
Is 120439567 a multiple of 15?
False
Does 10 divide 105216137?
False
Does 106 divide 18874556?
False
Is 1315 a factor of 2486632492?
False
Is 6138202 a multiple of 808?
False
Is 395 a factor of 82804498?
False
Is 50898282 a multiple of 10?
False
Is 56 a factor of 87901372?
False
Does 31 divide 14946247?
True
Does 112 divide 37833776?
False
Is 1855 a factor of 1613493840?
True
Is 7696267 a multiple of 648?
False
Is 154 a factor of 1767036264?
False
Is 131 a factor of 347945518?
False
Is 10470372 a multiple of 33?
True
Does 419 divide 131372610?
False
Is 75 a factor of 566371280?
False
Is 7134296 a multiple of 181?
True
Is 3164 a factor of 1486447200?
True
Does 442 divide 504231832?
True
Is 90692074 a multiple of 946?
True
Is 28749043 a multiple of 112?
False
Does 11 divide 5756762?
True
Is 5580898176 a multiple of 2688?
True
Is 23209757 a multiple of 151?
True
Is 3543553 a multiple of 954?
False
Does 54 divide 11239236?
True
Is 50999626 a multiple of 442?
False
Does 31 divide 49896583?
False
Is 67499280 a multiple of 144?
True
Is 2014 a factor of 1285149512?
True
Is 41266017 a multiple of 81?
True
Does 2114 divide 1043791321?
False
Is 256743215 a multiple of 87?
False
Is 65590926 a multiple of 57?
True
Does 53 divide 10083674?
True
Is 15969720 a multiple of 4?
True
Is 157 a factor of 84561408?
False
Is 48799459 a multiple of 415?
False
Is 365 a factor of 351596302?
False
Is 23984451 a multiple of 27?
True
Is 173 a factor of 103034994?
True
Does 7 divide 528724868?
True
Does 8 divide 29597484?
False
Is 309 a factor of 2290499357?
False
Is 10 a factor of 9613110?
True
Does 3197 divide 762110451?
True
Is 942 a factor of 225560958?
True
Is 2997 a factor of 1184480334?
True
Is 192 a factor of 121702080?
True
Is 657856799 a multiple of 1319?
False
Does 523 divide 14139474?
False
Is 3069356925 a multiple of 8419?
True
Is 73 a factor of 138992?
True
Is 3520473429 a multiple of 1878?
False
Is 29500680 a multiple of 2494?
False
Does 399 divide 108709545?
True
Is 16 a factor of 4913402?
False
Does 657 divide 1076182425?
True
Is 573 a factor of 32939747?
False
Is 9 a factor of 12269776?
False
Does 5440 divide 592743215?
False
Does 6 divide 690567?
False
Does 535 divide 1335055585?
True
Does 58 divide 77760078?
True
Is 85059510 a multiple of 2042?
True
Does 29 divide 2776721?
True
Is 140010 a multiple of 2?
True
Does 439 divide 458736109?
False
Is 183880168 a multiple of 130?
False
Is 2326 a factor of 1014354644?
True
Is 27 a factor of 151828832?
False
Does 27 divide 640721475?
True
Is 929475975 a multiple of 23?
False
Is 75 a factor of 50028199?
False
Does 83 divide 19522843?
False
Does 12 divide 11540880?
True
Is 1835 a factor of 10411520?
False
Is 95941742 a multiple of 67?
False
Is 16416765 a multiple of 78?
False
Is 6647621 a multiple of 7?
False
Is 144 a factor of 100863864?
False
Is 326381081 a multiple of 41?
False
Does 9 divide 268626258?
True
Is 135 a factor of 4468164601?
False
Is 1062 a factor of 24658578?
True
Is 164 a factor of 178168655?
False
Is 42 a factor of 103159558?
False
Is 105096644 a multiple of 1225?
False
Is 142 a factor of 519975?
False
Is 2 a factor of 53321953?
False
Does 32 divide 108928928?
True
Is 8 a factor of 85919639?
False
Is 160540387 a multiple of 809?
True
Is 846 a factor of 44442072?
True
Is 6160373 a multiple of 37?
False
Is 540416 a multiple of 3?
False
Does 30 divide 91357410?
True
Does 4 divide 33719157?
False
Is 44317125 a multiple of 675?
True
Is 22 a factor of 12700908?
True
Is 644 a factor of 9152834?
False
Is 105541862 a multiple of 5?
False
Does 15 divide 47261802?
False
Is 13835337 a multiple of 3?
True
Does 2700 divide 1718992800?
True
Does 47 divide 60790505?
True
Does 94 divide 2184367676?
True
Does 23 divide 15010910?
False
Does 366 divide 401164548?
True
Is 1141032 a multiple of 3?
True
Is 48578612 a multiple of 2258?
True
Is 25 a factor of 1620280075?
True
Is 3364557392 a multiple of 16?
True
Does 5 divide 31425555?
True
Is 874 a factor of 1295600994?
True
Is 21082656 a multiple of 1096?
True
Does 23 divide 48665819?
False
Is 23587908 a multiple of 12?
True
Is 1037984565 a multiple of 145?
False
Is 2372792 a multiple of 8?
True
Does 904 divide 30883477?
False
Is 483342832 a multiple of 517?
False
Is 87233419 a multiple of 91?
True
Does 2164 divide 5561480?
True
Does 47 divide 7956207?
True
Is 23530110 a multiple of 213?
True
Is 895 a factor of 157169284?
False
Is 24089914 a multiple of 331?
False
Does 1150 divide 3841401980?
False
Does 67 divide 201060155?
False
Is 9 a factor of 521382789?
True
Does 716 divide 640413312?
True
Does 3 divide 25773593?
False
Is 20 a factor of 531296020?
True
Is 42 a factor of 1053976098?
True
Is 301753174 a multiple of 22?
False
Is 14 a factor of 331025409?
False
Does 53 divide 26676599?
False
Is 861453362 a multiple of 161?
True
Does 265 divide 92229540?
True
Is 124 a factor of 671045?
False
Is 16 a factor of 15691040?
True
Is 60 a factor of 1599522120?
True
Is 36 a factor of 3024566343?
False
Is 233808095 a multiple of 229?
False
Does 47 divide 5025763?
False
Does 61 divide 404385348?
True
Is 751166056 a multiple of 5501?
False
Is 3420122387 a multiple of 65?
False
Does 270 divide 223979016?
False
Is 7 a factor of 32815211?
False
Does 23 divide 47265874?
True
Is 9375316 a multiple of 4?
True
Is 94662096 a multiple of 24?
True
Is 24 a factor of 92977632?
True
Is 315817632 a multiple of 2144?
True
Does 170 divide 61082596?
False
Is 14 a factor of 513632951?
False
Does 21 divide 3908370165?
True
Does 17 divide 2155383?
False
Is 54 a f